{"id":133089,"date":"2023-10-27T11:21:40","date_gmt":"2023-10-27T09:21:40","guid":{"rendered":"https:\/\/portal71.com\/espectaculos\/altsasu\/"},"modified":"2023-10-27T11:21:40","modified_gmt":"2023-10-27T09:21:40","slug":"altsasu","status":"publish","type":"portfolio","link":"https:\/\/portal71.com\/es\/espectaculos\/altsasu\/","title":{"rendered":"Altsasu"},"content":{"rendered":"<div class=\"wpb-content-wrapper\"><p>[vc_row][vc_column width=\u00bb1\/4&#8243;][\/vc_column][vc_column width=\u00bb1\/2&#8243;][vc_single_image media=\u00bb132052&#8243; media_width_percent=\u00bb100&#8243; uncode_shortcode_id=\u00bb721352&#8243;][vc_column_text uncode_shortcode_id=\u00bb175666&#8243;]En la madrugada del 15 de Octubre de 2016, se produce a las puertas del bar Koxka, en el pueblo de Altsasu (Navarra) un altercado en el que se vieron implicados varios vecinos del pueblo, dos agentes de la Guardia Civil y las parejas de estos. El resultado fue de dos detenidos y un tobillo, el del teniente, roto. En menos de 24 horas Altsasu se convierte en un plat\u00f3 de televisi\u00f3n y el caso en un asunto de Estado. El giro de este espect\u00e1culo se produce cuando el Colectivo de V\u00edctimas del Terrorismo en el Pa\u00eds Vasco, denuncia los hechos ante la Audiencia Nacional, a pesar de que la investigaci\u00f3n del caso segu\u00eda ya su curso en los juzgados de Navarra. Esta organizaci\u00f3n introduce la acusaci\u00f3n de terrorismo y el operativo policial contra ocho j\u00f3venes se pone en marcha el 14 de noviembre. A la vista oral que comienza el 16 de abril de 2018 se llega con peticiones fiscales de entre 62 y 12 a\u00f1os de prisi\u00f3n. El juicio es seguido con expectaci\u00f3n por lo que puede significar de cara al recorte de las libertades, al abuso de la expresi\u00f3n \u201cterrorista\u201d y a la vulneraci\u00f3n del derecho a un juicio justo. El caso, plagado de puntos negros, constituye uno de los procesos judiciales m\u00e1s desconcertantes de los \u00faltimos tiempos.<\/p>\n<p>\u201cAunque Altsasua es una aproximaci\u00f3n rigurosa y honesta al medi\u00e1tico caso, estamos ante una obra de ficci\u00f3n y, como tal, ha precisado de una labor de adaptaci\u00f3n al g\u00e9nero dram\u00e1tico. No obstante, se ha incorporado fielmente a la trama transcripciones de algunos de los testimonios del juicio, as\u00ed como recortes de prensa, medios de comunicaci\u00f3n y contenidos de redes sociales.<\/p>\n<p>https:\/\/www.youtube.com\/watch?v=YGjF-Tkd1MU[\/vc_column_text][vc_gallery el_id=\u00bbgallery-128146&#8243; medias=\u00bb132051,132054,132055,132056,132057,132060,132061,132063,132058&#8243; gutter_size=\u00bb3&#8243; screen_lg=\u00bb1000&#8243; screen_md=\u00bb600&#8243; screen_sm=\u00bb480&#8243; single_overlay_opacity=\u00bb50&#8243; single_padding=\u00bb2&#8243; uncode_shortcode_id=\u00bb620885&#8243;][vc_row_inner][vc_column_inner column_width_percent=\u00bb100&#8243; align_horizontal=\u00bbalign_center\u00bb gutter_size=\u00bb3&#8243; overlay_alpha=\u00bb50&#8243; shift_x=\u00bb0&#8243; shift_y=\u00bb0&#8243; shift_y_down=\u00bb0&#8243; z_index=\u00bb0&#8243; medium_width=\u00bb0&#8243; mobile_width=\u00bb0&#8243; width=\u00bb1\/1&#8243; uncode_shortcode_id=\u00bb113851&#8243;][vc_button button_color=\u00bbcolor-706289&#8243; size=\u00bbbtn-xl\u00bb border_width=\u00bb0&#8243; link=\u00bburl:https%3A%2F%2Fportal71.com%2Fwp-content%2Fuploads%2F2023%2F10%2FCAST_DOSSIER-Altsasua-.pdf\u00bb uncode_shortcode_id=\u00bb179453&#8243; button_color_type=\u00bbuncode-palette\u00bb]Dossier[\/vc_button][\/vc_column_inner][\/vc_row_inner][\/vc_column][vc_column width=\u00bb1\/4&#8243;][\/vc_column][\/vc_row]<\/p>\n<\/div>","protected":false},"excerpt":{"rendered":"<p>En la madrugada del 15 de Octubre de 2016, se produce a las puertas del bar Koxka, en el pueblo de Altsasu (Navarra) un altercado en el que se vieron implicados varios vecinos del pueblo, dos agentes de la Guardia Civil y las parejas de estos.<\/p>\n","protected":false},"author":1,"featured_media":132850,"parent":0,"menu_order":0,"comment_status":"open","ping_status":"open","template":"","meta":{"_acf_changed":false,"footnotes":""},"portfolio_category":[118],"class_list":["post-133089","portfolio","type-portfolio","status-publish","has-post-thumbnail","hentry","portfolio_category-la-dramatica-errante"],"acf":[],"_links":{"self":[{"href":"https:\/\/portal71.com\/es\/wp-json\/wp\/v2\/portfolio\/133089","targetHints":{"allow":["GET"]}}],"collection":[{"href":"https:\/\/portal71.com\/es\/wp-json\/wp\/v2\/portfolio"}],"about":[{"href":"https:\/\/portal71.com\/es\/wp-json\/wp\/v2\/types\/portfolio"}],"author":[{"embeddable":true,"href":"https:\/\/portal71.com\/es\/wp-json\/wp\/v2\/users\/1"}],"replies":[{"embeddable":true,"href":"https:\/\/portal71.com\/es\/wp-json\/wp\/v2\/comments?post=133089"}],"version-history":[{"count":0,"href":"https:\/\/portal71.com\/es\/wp-json\/wp\/v2\/portfolio\/133089\/revisions"}],"wp:featuredmedia":[{"embeddable":true,"href":"https:\/\/portal71.com\/es\/wp-json\/wp\/v2\/media\/132850"}],"wp:attachment":[{"href":"https:\/\/portal71.com\/es\/wp-json\/wp\/v2\/media?parent=133089"}],"wp:term":[{"taxonomy":"portfolio_category","embeddable":true,"href":"https:\/\/portal71.com\/es\/wp-json\/wp\/v2\/portfolio_category?post=133089"}],"curies":[{"name":"wp","href":"https:\/\/api.w.org\/{rel}","templated":true}]}}

<div class="wpb-content-wrapper"><p>[vc_row][vc_column width=»1/4&#8243;][/vc_column][vc_column width=»1/2&#8243;][vc_single_image media=»132052&#8243; media_width_percent=»100&#8243; uncode_shortcode_id=»721352&#8243;][vc_column_text uncode_shortcode_id=»175666&#8243;]En la madrugada del 15 de Octubre de 2016, se produce a las puertas del bar Koxka, en el pueblo de Altsasu (Navarra) un altercado en el que se vieron implicados varios vecinos del pueblo, dos agentes de la Guardia Civil y las parejas de estos. El resultado fue de dos detenidos y un tobillo, el del teniente, roto. En menos de 24 horas Altsasu se convierte en un plató de televisión y el caso en un asunto de Estado. El giro de este espectáculo se produce cuando el Colectivo de Víctimas del Terrorismo en el País Vasco, denuncia los hechos ante la Audiencia Nacional, a pesar de que la investigación del caso seguía ya su curso en los juzgados de Navarra. Esta organización introduce la acusación de terrorismo y el operativo policial contra ocho jóvenes se pone en marcha el 14 de noviembre. A la vista oral que comienza el 16 de abril de 2018 se llega con peticiones fiscales de entre 62 y 12 años de prisión. El juicio es seguido con expectación por lo que puede significar de cara al recorte de las libertades, al abuso de la expresión “terrorista” y a la vulneración del derecho a un juicio justo. El caso, plagado de puntos negros, constituye uno de los procesos judiciales más desconcertantes de los últimos tiempos.</p>
<p>“Aunque Altsasua es una aproximación rigurosa y honesta al mediático caso, estamos ante una obra de ficción y, como tal, ha precisado de una labor de adaptación al género dramático. No obstante, se ha incorporado fielmente a la trama transcripciones de algunos de los testimonios del juicio, así como recortes de prensa, medios de comunicación y contenidos de redes sociales.</p>
<p>https://www.youtube.com/watch?v=YGjF-Tkd1MU[/vc_column_text][vc_gallery el_id=»gallery-128146&#8243; medias=»132051,132054,132055,132056,132057,132060,132061,132063,132058&#8243; gutter_size=»3&#8243; screen_lg=»1000&#8243; screen_md=»600&#8243; screen_sm=»480&#8243; single_overlay_opacity=»50&#8243; single_padding=»2&#8243; uncode_shortcode_id=»620885&#8243;][vc_row_inner][vc_column_inner column_width_percent=»100&#8243; align_horizontal=»align_center» gutter_size=»3&#8243; overlay_alpha=»50&#8243; shift_x=»0&#8243; shift_y=»0&#8243; shift_y_down=»0&#8243; z_index=»0&#8243; medium_width=»0&#8243; mobile_width=»0&#8243; width=»1/1&#8243; uncode_shortcode_id=»113851&#8243;][vc_button button_color=»color-706289&#8243; size=»btn-xl» border_width=»0&#8243; link=»url:https%3A%2F%2Fportal71.com%2Fwp-content%2Fuploads%2F2023%2F10%2FCAST_DOSSIER-Altsasua-.pdf» uncode_shortcode_id=»179453&#8243; button_color_type=»uncode-palette»]Dossier[/vc_button][/vc_column_inner][/vc_row_inner][/vc_column][vc_column width=»1/4&#8243;][/vc_column][/vc_row]</p>
</div>
